 63*h + 548. List the prime factors of i(10).
2, 31, 89
Let g(m) = -m**3 + 10*m**2 + 12*m + 15. Let n be g(11). Let s = 104 - n. Suppose 4*k = 18 + s. What are the prime factors of k?
2, 3
Let x(w) = -w**3 + 10*w**2 + 15*w - 13. Let d be x(11). Suppose d = k + 5*j, -98 - 51 = -4*k + 5*j. What are the prime factors of k?
2, 3
Let m(k) = 283*k + 461. List the prime factors of m(10).
3, 1097
Let n = 1958 + 396. What are the prime factors of n?
2, 11, 107
Suppose 3*p - 53 = 2*h, -2*h + 14 = 4*p - 80. Suppose -25*g + 412 = -p*g. What are the prime factors of g?
103
Let q = -22 + 23. Let c be (-3 + 5 + 0)/q. Suppose 32 - c = 5*s. What are the prime factors of s?
2, 3
Suppose 30*l - 31*l + 440 = 0. Suppose -4*w + l = 5*x + w, -4*w = 5*x - 439. What are the prime factors of x?
3, 29
Suppose -9*z + 4*n - 6558 = -14*z, 0 = 2*n - 4. List the prime factors of z.
2, 5, 131
List the prime factors of 157 + -2 + (-1)/((-2)/(-10)).
2, 3, 5
Let f(o) = 6 + 3 - 11*o - 5*o + o**2. Let m be f(15). List the prime factors of (m/4)/(6/(-64)).
2
Suppose -4*g + 774 = 4*u + 138, 4*g + 3*u - 639 = 0. What are the prime factors of g?
2, 3
Suppose 2 = -9*a + 29. Suppose -3*h - a*c + 351 = 0, -3*c + 2*c = -h + 121. What are the prime factors of h?
7, 17
Let n(r) = -r**3 + r + 8. Let c be n(0). Let m = -4 + c. What are the prime factors of 1 + (-2 + m - -38)?
41
Suppose 11*v + 0*v = 616. Let l = 227 - v. List the prime factors of l.
3, 19
Let s = -436 + 613. Suppose -p = 2*p - s. What are the prime factors of p?
59
Let d = -64 + 200. Suppose 4*q + 2*v - d = 0, 2*v - 44 = -q - v. What are the prime factors of q?
2
Suppose 19 = -2*v - 5*u, 2*u - 7 + 23 = -2*v. Let x(o) = o**3 + 9*o**2 + 2*o - 22. List the prime factors of x(v).
2, 31
What are the prime factors of 2 + 1468*(44/8)/11?
2, 23
Let z(p) be the first derivative of 11/2*p**2 + 1/3*p**3 + 15*p - 8. What are the prime factors of z(-13)?
41
Let c(q) = 2*q**2 - 7*q + 8. Let x(s) = s**2 + 7*s + 9. Let b be x(-6). Suppose -l = 2, -b*m + 10 = m + 3*l. What are the prime factors of c(m)?
2, 3
Let u = 1243 - 1032. What are the prime factors of u?
211
Suppose -5*s + 22 + 3 = 0. Suppose 5*t - 5*r - 55 = 0, 3*t + s*r - 17 = -t. List the prime factors of t.
2
Let i(h) = h**3 + 6*h**2 + 4*h - 4. Let w be i(-5). Let v be 1 + (1 - w) - -2. Suppose 21 = y + 4*d, 70 = -0*y + v*y + 5*d. What are the prime factors of y?
5
Let i be 4/14 + 52/14. Let h(d) = -7*d - 25. Let w be h(-4). Suppose i*a - 42 = w*a. List the prime factors of a.
2, 3, 7
Let c(k) = -k**3 - 6*k**2 - 4*k + 3. Let p be c(-5). Let s be 1/(2 + 3/p). Suppose y - 17 = -2*q + 3, -y + s*q + 28 = 0. What are the prime factors of y?
2, 3
Let g(q) = -q**3 - q**2 + 86. Let r = -68 - -68. What are the prime factors of g(r)?
2, 43
Let h(g) = 23*g**3 + 23*g - 10. What are the prime factors of h(5)?
2, 5, 149
Let n(j) = 2 + 10*j**2 + 5*j**3 + 14 - 4*j**3 - 5*j. What are the prime factors of n(-9)?
2, 71
Let z(k) = 480*k + 16. List the prime factors of z(7).
2, 211
Suppose 4*c = 2*c - 2*r - 552, c + 284 = r. Let b = c - -494. List the prime factors of b.
2, 107
Let d = -578 + 1634. List the prime factors of d.
2, 3, 11
Suppose 0 = 5*g - 5*z - 4290, z + 0*z = 3*g - 2582. What are the prime factors of g?
2, 431
Let t(o) = 47*o. Suppose -5*b + 7*b - 2 = 0. List the prime factors of t(b).
47
Let j be (-1)/(-2 - -1)*83. Suppose -3*i + j = -b, 2*i - 2*b - 112 = -2*i. List the prime factors of i.
3
Let q = 128 + -62. Let y = q + -52. List the prime factors of y.
2, 7
Let z(c) = -3*c + 130. List the prime factors of z(6).
2, 7
Suppose 7807 = 6*i + 2281. List the prime factors of i.
3, 307
Let s be (9/(-6) - 0)*(0 + 18). List the prime factors of ((-253)/92)/(-1 - s/28).
7, 11
Let f = 475 + 1100. List the prime factors of f.
3, 5, 7
Let f(j) = 571*j - 49. What are the prime factors of f(5)?
2, 23, 61
What are the prime factors of -190*30/(-4)*4/12?
5, 19
Let w = 11 + -12. Let j = 1 - w. Suppose -j*h - 7*v = -3*v - 50, -2*v = -4. List the prime factors of h.
3, 7
Let k(a) = 12*a**2 + 6*a - 5. Let t be k(-8). Suppose 5*j + 26 = 1, -t = -m - j. List the prime factors of (-12)/28 + m/14.
3, 17
Suppose -5*o = -11*o + 834. Let x = -86 + o. List the prime factors of x.
53
Let u(z) = 242*z - 556. List the prime factors of u(7).
2, 569
Let f(k) be the third derivative of -k**6/90 - 11*k**5/120 + 7*k**4/24 - 7*k**2. Let t(o) be the second derivative of f(o). List the prime factors of t(-5).
29
Suppose -3*c - 2*c + 210 = 0. What are the prime factors of c/(-4)*8/(-12)?
7
Let u = -51 + 91. Suppose 0 = 6*w - w - u. Suppose -3*i = -4*i + w. List the prime factors of i.
2
Suppose 46*t - 35 = 51*t. Let k(c) = 2*c**2 + 2*c - 10. What are the prime factors of k(t)?
2, 37
Let m = 916 + -387. List the prime factors of m.
23
Let p(z) = 10*z**3 - 4*z**2 + 2*z + 3. Let d be p(3). Suppose 5*b - d = -3*u - 0*u, 3*u = -12. What are the prime factors of b?
3, 17
Suppose 2*g + 0*g = 118. Let c(d) = -d**3 + 4*d**2 + 5*d + 7. Let f be c(6). Let q = g + f. List the prime factors of q.
2, 3
Let o be (-1)/(-2)*(0 - 318). What are the prime factors of -18*o/30 + 3/5?
2, 3
Let g = 929 + -857. What are the prime factors of g?
2, 3
Let f(g) = g**2 + g - 183. Let r(w) = -2*w**2 - w + 183. Let q(v) = -5*f(v) - 4*r(v). List the prime factors of q(0).
3, 61
Suppose -26 = -5*t - 3*p + 5, 2*p = 4. Suppose 5*u + t*l - 125 = 0, u + 2*l + 80 = 4*u. What are the prime factors of u?
2, 13
Let u be (-2)/(-3) + (-49)/(-21). Suppose -4 = 2*c + 4*d, 4*d + 6 = -u*c + d. What are the prime factors of 12 - (-4 - (c + -1))?
13
Let h(t) = 72*t**2 + 12*t + 26. What are the prime factors of h(-3)?
2, 11, 29
Let m be -17*(-1)/(4 - 3). Suppose -c + 12 = 5*p - m, -c + p = -11. What are the prime factors of c?
2, 7
Let u(d) = 10*d**2 + d**3 + 5*d - 5 + 14 + 8*d - 3*d. Let q be u(-9). Let i = 6 - q. What are the prime factors of i?
2, 3
Suppose -296*g + 2936 = -292*g. What are the prime factors of g?
2, 367
Let y be ((-3)/(-2))/((-27)/(-72)). Suppose 2*d = 8 + y. Suppose d*r = 11*r - 295. List the prime factors of r.
59
Let p(w) be the first derivative of 5*w**2 - 2 + 7 + 10 + w - 9*w. What are the prime factors of p(8)?
2, 3
Suppose 0 = 10*j - 3*j - 7. What are the prime factors of (-10)/(-30)*(j - 1) + 69?
3, 23
Suppose 0*s - s - 844 = -3*j, -j = 3*s - 278. Suppose 13 = 3*f - j. Suppose -4*w = 5*d - 103, 5*w - 52 = -2*d + f. List the prime factors of w.
2
Suppose 4*j + 9 = 2*b + b, 0 = 2*j + 2*b - 6. Suppose 2*g + 5*x - 49 = j, 49 + 53 = 3*g - 2*x. What are the prime factors of g?
2
Suppose -4*n - 3*w = -8, 2*n = -w + 2*w + 14. Suppose g - n*j = 0, -3*g + j = -j. Suppose 3*c = -0*l + 3*l + 150, -2*l - 8 = g. What are the prime factors of c?
2, 23
Suppose 2*o = -0*o + 6. Let v(m) = 0 + 3*m + 2 + 2*m**2 - 9*m**3 + 8*m**3 + m**2. List the prime factors of v(o).
11
Let s(b) = -14*b**2 + 24*b + 27. Let i(f) = 5*f**2 - 8*f - 9. Let u(m) = -11*i(m) - 4*s(m). Let x = 788 + -794. What are the prime factors of u(x)?
3, 5
Let d be 3/((-3)/4) + 9. Suppose 3*b = d*s - 8, -b - 2*s = -5*s + 8. Let a(x) = x**3 - 3*x**2 + 4*x - 6. List the prime factors of a(b).
2, 13
Suppose 2*k = 0, 12*q = 13*q - 3*k - 1995. List the prime factors of q.
3, 5, 7, 19
Let z = -2642 + 3285. List the prime factors of z.
643
Let c(y) = 95*y**3 + y**2 - 3*y + 2. Let t = -49 - -50. What are the prime factors of c(t)?
5, 19
Suppose -j = 4 - 6, 4*z = -2*j - 824. Let i = z - -135. Let v = -47 - i. List the prime factors of v.
5
Let m(w) = -w + 9. Suppose 3*g + 60 = -3*g. What are the prime factors of m(g)?
19
Suppose 2*b + 7*b = 4833. Suppose 0 = -z + 4*z - b. What are the prime factors of z?
179
Let d = -121 - -126. Suppose w = 7*b - 5*b - 407, -d*w = -5*b + 1010. What are the prime factors of b?
5, 41
Let b = 1013 - 614. What are the prime factors of b?
3, 7, 19
Suppose -3*d - 2*d + 40 = 0. Let a(k) = 12*k + 65. Let t be a(-4). Let o = t - d. List the prime factors of o.
3
Let j(x) = -11*x + 21 + x**2 + 4 + 7*x. List the prime factors of j(10).
5, 17
Let r = 15 - -6. Suppose 570 = -15*l + r*l. List the prime factors of l.
5, 19
Let k(z) = -2*z**2 + 14*z + 4. Let g(d) = d**2 + 9*d - 3. Let s be g(-10). Let l be 0 + 5 + -5 + s. What are the prime factors of k(l)?
2
Suppose j + 5 = -2*b - 2*b,